{"id":140,"date":"2019-03-30T10:02:27","date_gmt":"2019-03-30T10:02:27","guid":{"rendered":"http:\/\/192.168.2.123:8080\/wordpress\/?page_id=140"},"modified":"2019-04-10T17:00:01","modified_gmt":"2019-04-10T17:00:01","slug":"umgebung","status":"publish","type":"page","link":"https:\/\/ferienwohnung-seitz-aufsess.de\/?page_id=140","title":{"rendered":"Umgebung"},"content":{"rendered":"\n<h2 class=\"wp-block-heading\">Einkaufsm\u00f6glichkeit<\/h2>\n\n\n\n<p>Den Dorfladen finden Sie in nur 500 m Entfernung.  Weitere Gesch\u00e4fte finden Sie in Heiligenstadt (ca. 7 km) oder Hollfeld (ca. 10 km)<\/p>\n\n\n\n<h2 class=\"wp-block-heading\">Essen<\/h2>\n\n\n\n<p>Etwa 600 m von der Ferienwohnung entfernt liegt der Brauereigasthof Rothenbach. Hier k\u00f6nnen Sie die regionale K\u00fcche kennen lernen.<\/p>\n\n\n\n<p>Nat\u00fcrlich sind auch die drei anderen Brauereien des legend\u00e4ren &#8222;Bierwegs&#8220; immer einen Besuch wert. <\/p>\n\n\n\n<p>Brauerei Kathi-Br\u00e4u in Heckenhof (ca. 1,5 km)<\/p>\n\n\n\n<p>Brauereigasthof Stadter in Sachsendorf (ca. 4,5 km)<\/p>\n\n\n\n<p>Brauereigasthof Reichold in Hochstahl (ca. 3,5 km)<\/p>\n\n\n\n<h2 class=\"wp-block-heading\">Wellness \/ Schwimmb\u00e4der<\/h2>\n\n\n\n<ul class=\"wp-block-list\"><li>Therme Obernsees (ca. 12 km)<\/li><li>Lohengrintherme (ca. 37 km)<\/li><li>Freibad Hollfeld (ca. 10 km)<\/li><li>Freibad Waischenfeld (ca. 10 km)<\/li><li>Freibad Ebermannstadt (ca. 12 km)<\/li><\/ul>\n\n\n\n<h2 class=\"wp-block-heading\">Freizeit<\/h2>\n\n\n\n<ul class=\"wp-block-list\"><li>Kletterwald Veilbronn (ca. 5 km)<\/li><li>Kletterwald Pottenstein (ca. 18 km)<\/li><li>Sommerrodelbahn Pottenstein (ca. 18 km)<\/li><li>Sommerrodelbahn Bischofsgr\u00fcn (ca. 54 km)<\/li><\/ul>\n","protected":false},"excerpt":{"rendered":"<p>Einkaufsm\u00f6glichkeit Den Dorfladen finden Sie in nur 500 m Entfernung. Weitere Gesch\u00e4fte finden Sie in Heiligenstadt (ca. 7 km) oder Hollfeld (ca. 10 km) Essen Etwa 600 m von der Ferienwohnung entfernt liegt der Brauereigasthof Rothenbach. Hier k\u00f6nnen Sie die regionale K\u00fcche kennen lernen. Nat\u00fcrlich sind auch die drei anderen Brauereien des legend\u00e4ren &#8222;Bierwegs&#8220; immer einen Besuch wert. Brauerei Kathi-Br\u00e4u in Heckenhof (ca. 1,5 km) Brauereigasthof Stadter in Sachsendorf (ca. 4,5 km) Brauereigasthof Reichold in Hochstahl (ca. 3,5 km) Wellness \/ Schwimmb\u00e4der Therme Obernsees (ca. 12 km) Lohengrintherme (ca. 37 km) Freibad Hollfeld (ca. 10 km) Freibad Waischenfeld (ca. 10 km) Freibad Ebermannstadt (ca. 12 km) Freizeit Kletterwald Veilbronn (ca&#8230;.<\/p>\n","protected":false},"author":2,"featured_media":0,"parent":0,"menu_order":0,"comment_status":"closed","ping_status":"closed","template":"","meta":{"ngg_post_thumbnail":0,"footnotes":""},"class_list":["post-140","page","type-page","status-publish","hentry"],"_links":{"self":[{"href":"https:\/\/ferienwohnung-seitz-aufsess.de\/index.php?rest_route=\/wp\/v2\/pages\/140","targetHints":{"allow":["GET"]}}],"collection":[{"href":"https:\/\/ferienwohnung-seitz-aufsess.de\/index.php?rest_route=\/wp\/v2\/pages"}],"about":[{"href":"https:\/\/ferienwohnung-seitz-aufsess.de\/index.php?rest_route=\/wp\/v2\/types\/page"}],"author":[{"embeddable":true,"href":"https:\/\/ferienwohnung-seitz-aufsess.de\/index.php?rest_route=\/wp\/v2\/users\/2"}],"replies":[{"embeddable":true,"href":"https:\/\/ferienwohnung-seitz-aufsess.de\/index.php?rest_route=%2Fwp%2Fv2%2Fcomments&post=140"}],"version-history":[{"count":2,"href":"https:\/\/ferienwohnung-seitz-aufsess.de\/index.php?rest_route=\/wp\/v2\/pages\/140\/revisions"}],"predecessor-version":[{"id":344,"href":"https:\/\/ferienwohnung-seitz-aufsess.de\/index.php?rest_route=\/wp\/v2\/pages\/140\/revisions\/344"}],"wp:attachment":[{"href":"https:\/\/ferienwohnung-seitz-aufsess.de\/index.php?rest_route=%2Fwp%2Fv2%2Fmedia&parent=140"}],"curies":[{"name":"wp","href":"https:\/\/api.w.org\/{rel}","templated":true}]}}